e prime factors of 122822791.
7, 13, 1349701
List the prime factors of 522648162.
2, 3, 19, 37, 103, 401
List the prime factors of 3295923.
3, 23, 37, 1291
What are the prime factors of 101874171?
3, 7, 4851151
List the prime factors of 352542867.
3, 409, 287321
List the prime factors of 57958335.
3, 5, 143107
What are the prime factors of 7810429889?
101, 77330989
What are the prime factors of 5877451291?
11689, 502819
What are the prime factors of 206627868?
2, 3, 1913221
List the prime factors of 23494630.
2, 5, 37, 63499
List the prime factors of 1298753787.
3, 499, 867571
What are the prime factors of 1831284006?
2, 3, 305214001
List the prime factors of 2315035781.
2315035781
List the prime factors of 833436341.
833436341
What are the prime factors of 2640289728?
2, 3, 13751509
List the prime factors of 1653970210.
2, 5, 3943, 41947
What are the prime factors of 876008?
2, 7, 15643
What are the prime factors of 82542961?
29, 89, 31981
What are the prime factors of 65415408?
2, 3, 37, 36833
List the prime factors of 663048725.
5, 353, 75133
What are the prime factors of 543453019?
5923, 91753
What are the prime factors of 4298121690?
2, 3, 5, 67, 439, 4871
List the prime factors of 2016640630.
2, 5, 233, 865511
List the prime factors of 28616598.
2, 3, 199, 2663
List the prime factors of 4063394068.
2, 31, 32769307
List the prime factors of 15354623.
41, 487, 769
What are the prime factors of 30133583?
43, 700781
List the prime factors of 27266365.
5, 7, 779039
What are the prime factors of 2726649362?
2, 37, 179, 205847
List the prime factors of 295728500.
2, 5, 591457
List the prime factors of 3337180.
2, 5, 7, 11, 197
List the prime factors of 20669308.
2, 11, 469757
What are the prime factors of 2546908435?
5, 367, 1387961
List the prime factors of 12933709.
12933709
What are the prime factors of 24001593?
3, 7, 11, 103903
What are the prime factors of 78423685?
5, 29, 59, 89, 103
What are the prime factors of 104857379?
11, 9532489
What are the prime factors of 246791578?
2, 11, 11217799
List the prime factors of 281375479.
7, 11, 3654227
List the prime factors of 12051622.
2, 11, 31, 41, 431
What are the prime factors of 182972923?
7, 827, 31607
What are the prime factors of 1207690027?
19, 37, 73, 101, 233
What are the prime factors of 248106334?
2, 7, 41, 432241
What are the prime factors of 271174131?
3, 3343, 9013
List the prime factors of 125168821.
277, 451873
What are the prime factors of 5691349?
5691349
List the prime factors of 1116480702.
2, 3, 186080117
What are the prime factors of 2123575820?
2, 5, 6389, 16619
What are the prime factors of 3431813600?
2, 5, 29, 53, 2791
List the prime factors of 132120781.
13, 29, 350453
What are the prime factors of 18643033?
17, 109, 10061
What are the prime factors of 93854252?
2, 23463563
List the prime factors of 132681736.
2, 11, 17, 31, 2861
What are the prime factors of 1223689527?
3, 281, 483863
What are the prime factors of 294449457?
3, 98149819
List the prime factors of 70520471.
7, 17, 592609
What are the prime factors of 439117268?
2, 2153, 50989
What are the prime factors of 111333489?
3, 397, 93479
What are the prime factors of 22133134?
2, 1621, 6827
What are the prime factors of 1792580725?
5, 13, 17, 324449
What are the prime factors of 313957173?
3, 17, 37, 9787
List the prime factors of 7248306.
2, 3, 13, 92927
What are the prime factors of 590424350?
2, 5, 11808487
What are the prime factors of 22053597?
3, 1933, 3803
What are the prime factors of 978057717?
3, 7, 13, 3582629
What are the prime factors of 188877828?
2, 3, 15739819
What are the prime factors of 3705296?
2, 7, 33083
List the prime factors of 183286337.
13, 103, 136883
What are the prime factors of 58402978?
2, 587, 49747
What are the prime factors of 36494800?
2, 5, 91237
What are the prime factors of 20508663?
3, 7, 23, 42461
List the prime factors of 2084708814.
2, 3, 4783, 72643
List the prime factors of 411157735.
5, 82231547
What are the prime factors of 978113831?
978113831
What are the prime factors of 98500825?
5, 3940033
What are the prime factors of 3591259999?
433, 8293903
List the prime factors of 1546727173.
41, 89, 557, 761
What are the prime factors of 95580805?
5, 37, 516653
List the prime factors of 1236931590.
2, 3, 5, 41231053
List the prime factors of 18684296.
2, 19, 83, 1481
What are the prime factors of 27392869?
7, 47, 139, 599
What are the prime factors of 28448558?
2, 14224279
What are the prime factors of 323334523?
433, 677, 1103
List the prime factors of 20681490.
2, 3, 5, 689383
What are the prime factors of 42772940?
2, 5, 7, 305521
What are the prime factors of 811836861?
3, 11, 43, 61, 83, 113
List the prime factors of 622775818.
2, 7, 1291, 34457
What are the prime factors of 2360253858?
2, 3, 97, 103, 39373
List the prime factors of 28652283.
3, 11, 289417
List the prime factors of 378453408.
2, 3, 23, 171401
What are the prime factors of 2642743?
127, 20809
What are the prime factors of 400665793?
11, 31, 1174973
List the prime factors of 1388414000.
2, 5, 694207
List the prime factors of 1603874484.
2, 3, 2141, 20809
List the prime factors of 8880909.
3, 2960303
List the prime factors of 100951215.
3, 5, 229, 29389
List the prime factors of 181695471.
3, 127, 476891
List the prime factors of 640352333.
640352333
List the prime factors of 16608303.
3, 17, 73, 1487
What are the prime factors of 206910368?
2, 7, 31, 83, 359
What are the prime factors of 1432329466?
2, 113, 701, 9041
What are the prime factors of 44065050?
2, 3, 5, 293767
What are the prime factors of 228199733?
191, 1194763
List the prime factors of 31886304.
2, 3, 37, 47, 191
List the prime factors of 67250056.
2, 127, 66191
What are the prime factors of 43680528?
2, 3, 303337
What are the prime factors of 5308595?
5, 29, 31, 1181
What are the prime factors of 2785964783?
7, 79, 5037911
What are the prime factors of 395558929?
19, 109, 389, 491
List the prime factors of 32414170.
2, 5, 29, 111773
List the prime factors of 59598889.
7, 17, 500831
What are the prime factors of 510411624?
2, 3, 41, 53, 9787
What are the prime factors of 97454640?
2, 3, 5, 239, 1699
List the prime factors of 51554005.
5, 10310801
List the prime factors of 66327699.
3, 23, 109, 8819
What are the prime factors of 4333857969?
3, 7, 29482027
List the prime factors of 7432883.
7432883
List the prime factors of 178507585.
5, 35701517
What are the prime factors of 3106215?
3, 5, 7, 19, 173
List the prime factors of 90428490.
2, 3, 5, 1004761
What are the prime factors of 225524780?
2, 5, 13, 607, 1429
What are the prime factors of 6540725918?
2, 3270362959
What are the prime factors of 148513891?
137, 1084043
What are the prime factors of 437658308?
2, 109414577
List the prime factors of 144723955.
5, 1493, 19387
What are the prime factors of 167970410?
2, 5, 16797041
What are the prime factors of 35027488?
2, 19, 53, 1087
List the prime factors of 415174235.
5, 7, 61, 139, 1399
What are the prime factors of 4489472059?
4489472059
What are the prime factors of 60220111?
7, 8602873
What are the prime factors of 222116177?
3533, 62869
What are the prime factors of 86618745?
3, 5, 1924861
What are the prime factors of 6289606707?
3, 4261, 492029
List the prime factors of 466041436.
2, 7, 16644337
What are the prime factors of 120220349?
6781, 17729
What are the prime factors of 3959100542?
2, 73, 2371, 11437
What are the prime factors of 323285920?
2, 5, 2020537
List the prime factors of 23465236.
2, 17, 61, 5657
List the prime factors of 849013072.
2, 53063317
List the prime factors of 272707377.
3, 90902459
What are the prime factors of 58034906?
2, 17, 97, 17597
What are the prime factors of 1523361577?
347, 4390091
List the prime factors of 3855654680.
2, 5, 23, 229, 18301
List the prime factors of 841166114.
2, 271, 1551967
What are the prime factors of 20671571?
1543, 13397
What are the prime factors of 886508528?
2, 53, 1045411
List the prime factors of 934232417.
4651, 200867
What are the prime factors of 8310658?
2, 103, 40343
List the prime factors of 139571948.
2, 19, 1836473
List the prime factors of 125655318.
2, 3, 29, 240719
What are the prime factors of 600759940?
2, 5, 11, 17, 29, 191
What are the prime fac